of 22 - (-6 - (-5 - -6) - (2 + -5))?
26
What is -28 + 2 + 5 + (12 - 24) - -4?
-29
-1 + -3 - (290 - 273)
-21
Evaluate -9 - 1 - (21 + -47 + 40 + -19).
-5
Evaluate 2 - -1 - (12 + -11 + 5 + -5).
2
What is (-1 + (2 - 1) - 4) + (126 - 123)?
-1
What is the value of -18 - (5 + (15 - 9 - 16))?
-13
Calculate -13 - (-15 + 4) - (3 + (0 - 4)).
-1
What is (17 - 12 - 1) + -18?
-14
What is -19 + -2 - 0 - (1983 + -1983)?
-21
What is the value of -13 - (-33 + 16 - -37)?
-33
Calculate -92 + 131 + -26 + 0.
13
Calculate 11 + -22 - (19 + 2 - 7).
-25
Calculate -61 - -69 - (-7 - 9).
24
Evaluate 3 + 13 + -5 + -5.
6
What is the value of -7 - -13 - (11 + -1) - 12?
-16
What is the value of -12 - (-2 + 13) - -10?
-13
What is 6 + -32 + (-1 - -28)?
1
(-4 - (-1 + 4) - -9) + 3
5
What is the value of -7 - (4 - (15 - (16 + -10)))?
-2
-11 - (-2 - -4) - 5 - (25 - 28)
-15
15 + (-12 - -4) + -4
3
What is (-6 - (-27 + 9) - (-4 - 3)) + 4?
23
-10 + -3 - (-17 + (11 - 0) + 3)
-10
16 + -7 + -3 + -13 + -3 + 16
6
Calculate (-1 - (1 - 1)) + -652 + 665.
12
Calculate (19 - 0 - 2) + 0 + 0 + -2.
15
8 - 0 - (33 - (41 + -22)) - 5
-11
What is -13 + (-9 - -6 - -23)?
7
Calculate -4 - (-16 - (-10 + -18)).
-16
What is -13 + 35 - -5 - 11?
16
What is the value of 13 - (-11 + 1 + -184 + 195)?
12
What is the value of 674 + -676 + -1 + -2?
-5
Evaluate -4 - (0 + 0 - -5 - 10).
1
Evaluate -23 + (38 - (-10 - -33)).
-8
-20 + (-27 - (-38 + -15))
6
What is (-17 - (19 + -15)) + (-2 + 14 - 4)?
-13
What is the value of -131 - -97 - (1 + -25) - (1 - -6)?
-17
What is the value of 13 - (-7 + -12 + 36)?
-4
What is (0 - 6 - (-43 - -49)) + -78 + 98?
8
Calculate 17 - (27 + (-5 - -3)).
-8
Evaluate 20 + 23 + -44 + 16 - (-1 + 6).
10
What is the value of 59 + -50 - ((5 - 3) + 18)?
-11
What is the value of -26 - (7 + -43 + 23)?
-13
What is 40 - 15 - (27 + -2)?
0
Evaluate -11 + 22 + 5 + 19 + -7.
28
Calculate 21 - (5 - (6 + -13) - 7 - 8).
24
What is the value of 14 + 0 + (229 - 242)?
1
What is the value of 8 + (-7 - (-12 - (-11 - -5)))?
7
What is -16 - ((13 - 18) + 13) - (-2 + 1)?
-23
Calculate 6 + (-17 - 19) + 1.
-29
Evaluate 10 + -1 - (-5 + 1 - -8).
5
Evaluate -9 + (20 + -8 - 4 - 11).
-12
What is 0 - (2 + 0 + 1 + -7 + -2)?
6
4 - 21 - (-23 + -9 + -1 + 23)
-7
20 + -19 + (3 - -2) - 3
3
Calculate -23 + 2 + (5 + (-3 - 1) - 6).
-26
What is the value of (1 - 1 - 6) + 0 - (-1 - 11)?
6
8 - -1 - (2 - (5 - 0))
12
What is the value of -88 + 95 - (-4 + 0) - -2?
13
Evaluate (-2 - -3) + (9 - (-1 + (13 - 6))).
4
What is the value of -5 + (8 - 9) + -13 + 0?
-19
What is the value of -1 + -2 + 9 + -4 + 1 + 16?
19
What is the value of -14 + 6 + 10 + 3?
5
What is 8 + -28 + (5 - -13) + -9 + 1?
-10
What is -4 + 9 - 2 - 4 - 0?
-1
What is (-10 - -44) + -31 + 13 + -1?
15
What is the value of 8 + (7 - 3) + (-2 + 27 - 6)?
31
Calculate 11 + 1 + 5 + 1 + -51.
-33
-5 + -1 + (2 - 2) + 0
-6
Evaluate -93 + 72 + 11 + (-9 - -1) + -1.
-19
17 + -2 - (-25 - -16)
24
What is -4 - (-10 + -2 + 14)?
-6
Calculate 5 + 1 + (1 - 3 - 0).
4
Calculate (2 - 5) + 195 + -185.
7
What is the value of 2 - 4 - (3 - (0 - -1))?
-4
What is (1 - (-4 + -1 - -5)) + 4?
5
What is 6 - (3 + -2) - (-27 - -20)?
12
What is (-40 - 10 - -58) + 2 + (1 - 2)?
9
Evaluate -18 + -25 + -4 + 44.
-3
What is -3 - (30 - (-21 + 32))?
-22
Evaluate (5 - 13 - (-4 + -6 + 0)) + 6.
8
Evaluate (10 - (-13 + 13 + 4)) + 1 + -2.
5
What is 2 + (1 - -15) + -60 + 64?
22
What is 2 + 11 - (2 - (0 - 1))?
10
(0 + 2 - -10) + (9 - 24 - -4)
1
What is -4 + 0 + 10 + (4 + -4 - 17)?
-11
What is 0 - 0 - (4 + 31 + -37)?
2
What is -4 + -8 + 0 + 7 - (2 - 3)?
-4
-575 - -569 - ((1 - 2) + -2)
-3
Evaluate (-15 - (5 - 10)) + -11 + 7.
-14
Calculate 6 + 7 + -10 - (7 + -6).
2
What is 0 + 4 + 0 + 1526 + -1547?
-17
-56 - -66 - (5 - 3)
8
What is (-7 - (-12 - 11)) + -6 + -4?
6
3 - (1 + 15) - (-89 - -90)
-14
Calculate -3 + -3 - (3 + -16 + -5).
12
Calculate 13 + (-10 - -17) + -14.
6
What is the value of -1 + -8 + 33 + (-4 - 1)?
19
What is 4 - (-5 - (-5 + -6 - 12))?
-14
What is the value of -144 + 149 + (3 - 2)?
6
-28 - (19 + (-50 - -11))
-8
What is 27 - 24 - 18 - -6?
-9
Calculate 7 + -11 + -16 + 14.
-6
Evaluate 20 - (-27 - -50) - (0 + 8).
-11
What is 1 - -15 - (87 + -85)?
14
Evaluate -26 - -4 - (-32 - 14).
24
-3 + -15 + (8 - 9) + 3
-16
(-4 - 4 - (0 + 0 + -7)) + 14
13
Evaluate (8 + -8 - 3) + 7 - -2.
6
What is the value of (6 - 14) + 13 - 16?
-11
What is the value of -36 - (-8 - 14 - -9)?
-23
Calculate 17 - 7 - (0 + -4 + 5).
9
Evaluate (5 - 13) + (-25 - -22).
-11
What is (-42 - -37 - 28) + 54?
21
Calculate 18 - (-20 + 13 + 27).
-2
What is the value of 0 + (3 - 7) + (10 - -2) - 18?
-10
What is (2 - -2) + (-7 - 6) + 21?
12
-1654 + 1660 - (-2 + (-1 - 0))
9
What is 5 + 12 + (5 - 3) + 7 + -10?
16
Evaluate -25 + 10 + -4 + 7.
-12
Calculate (14 - -4 - 11) + 4 + -8.
3
What is the value of (12 - -1) + (-11 - -13)?
15
Evaluate -3 + (5 - 9) + 12 + -6 + -10.
-11
Evaluate 7 + -1 + -6 - (-4 - (-1 + 8)).
11
Calculate 10 - 0 - (-18 - (26 + (-6 - 44))).
4
Calculate -11 + (-16 - (8 - (9 + 15))).
-11
What is -25 + 50 - 71 - -30?
-16
Evaluate -23 - (-12 + -1 + 12 + -4).
-18
What is the value of 3 + (-3 - (0 + -2)) - (-56 + 78)?
-20
What is (-10 - (0 - 0)) + 2 + -13?
-21
What is 48 + -57 + -3 + -4 + 5 + 0?
-11
15 + -11 + (-4 - (-13 - 2 - -3))
12
What is the value of (-33 - -35) + (-7 - -1 - (-10 + -6))?
12
Evaluate 3 - 23 - (59 + -65).
-14
What is the value of (-4 + 6 - (-5 - -2)) + -13?
-8
Evaluate (-6 - (5 - 7)) + 12 + 2 + -2.
8
(21 - 16) + -25 + 5
-15
What is the value of (-14 - -1) + 7 - (1 - 10)?
3
(19 - 49 - -1) + 14
-15
(4 - (7 + 9 + -6)) + 22 - 4
12
What is -2 + -17 + 13 + -10 + 11 + -9?
-14
What is -5 + (-8 - -49) + -26?
10
15 + -39 + 24 + (14 - 0)
14
What is the value of 2 - (-18 - -3) - (21 + (-38 - -18))?
16
Calculate 6 - (-1 + 18 + (0 - 1) - 2).
-8
-5 + -1 + 7 - (-6 - -4)
3
-2 - (0 - 10 - (156 + -175))
-11
-21 - ((-1 - 5) + -5)
-10
Evaluate (25 - (31 + -8)) + 0 + -12.
-10
Evaluate (17 - 20) + -22 - -11.
-14
What is -9 - 0 - (-25 + (12 - 4))?
8
-23 - (18 - (5 - -20))
-16
Evaluate 5 + -26 - (54 - 69).
-6
-6 - (-2 - ((1 + 2 - 1) + 6))
4
Evaluate (1 - -1 - 12) + -3 - -7.
-6
Evaluate (-6 - 5) + -29 + 34 - -18.
12
What is -9 + 19 + -16 - 2?
-8
What is the value of 1 - 1 - (-3 + 20) - (-7 + 6)?
-16
Calculate -2 + (2 - -23) + 20 + (45 - 75).
13
What is -2 + 12 + -26 + 18 + 22?
24
3 + (-2 + 7 - ((-3 - -8) + 0))
3
Calculate 1 + -3 + -3 + 3.
-2
Evaluate (1 - 5) + -6 + 0 + 1 + 38.
29
Calculate 13 - ((12 - -6) + -8).
3
Calculate (15 + (-16 - -10) - 5 - 4) + -29.
-29
What is the value of (-7 + -1 + 9 - 23) + 10?
-12
-2 + 10 + -7 + 8 + 3
12
What is the value of -4 - (-2 + -12) - (4 - 12)?
18
-14 - (9 + (-9 - -10) + -37)
13
What is -365 + 358 - (1 - 21)?
13
Evaluate (12 - (2 - 4)) + (-81 - -89).
22
Calculate -15 - -55 - (2 - -25).
13
What is the value of 0 + 32 - (229 + -203)?
6
19 + -32 - -10 - 6
-9
Calculate 0 + -19 + (27 - (30 + -27) - 19).
-14
Evaluate 0 - (-14 + 0) - (633 + -646).
27
What is (-14 - (-1 - 14)) + -8?
-7
What is (-10 - -2) + 2 + 26 + -7?
13
Evaluate 6 - (-7 - -12) - -7.
8
What is the value of -8 + (31 - (-14 + 25)) + -11?
1
Calculate -3 + 5 + 1 - (-1 - (5 + -3)).
6
Calculate -2 + -14 - (23 - 27).
-12
(-8 - (19 + (-10 - -6) + -1)) + 3
-19
Evaluate (-5 + (4 - 5) - 1) + 10 - 6.
-3
What is 14 + -12 + -4 + 2 + -1?
-1
What is 1 - (6 - (-7 - -3 - (-6 - -7)))?
-10
-29 + -7 - ((-85 - -88) + (-9 - 1))
-29
What is -11 + (-20 - (-2 - (-10 + 18 + -19)))?
-40
657 + -651 - (5 - (1 - 4))
-2
Evaluate 6 + 1 - ((-16 - 0 - -7) + 8).
8
Evaluate 1091 - 1077 - (-10 - (0 + 0)).
24
2 + -1 + (0 - (0 + -3)) + 8
12
Evaluate 10 + 48 + -45 + 11 + -1.
23
What is (-7 + 6 - 2) + (-8 - 0)?
-11
What is the value of (2 - 9) + (1 - 14 - -20 - 8)?
-8
Calculate -5 + -204 + 204 + (16 - (1 - 2)).
12
Calculate (-11 - (-16 + 11)) + 0 + -20.
-26
What is the value of -1015 - -995 - (-2 - 2)?
-16
Evaluate 1 - -20 - (57 + -65 + 14).
15
What is 3 + (1 - -4) - (-39 + 12)?
35
-192 + 226 - (62 - 3)
-25
What is the value of -2 - ((407 - 397) + (-6 - (-2 + 0)))?
-8
Calculate 1 + -2 + -13 - ((-37 - -87) + -40).
-24
Calculate (13 - (25 - (-12 + 21))) + 13.
10
What is 23 + -14 + -21 + 9?
-3
What is -199 + 222 - (-3 + 1 + (12 - 4))?
17
Calculate 0 + 0 - (-848 - -847).
1
Calculate 16 - ((-7 - 3) + 4 + -1 - -13).
10